In base 7, what is -1331 - 12?
-1343
In base 14, what is -1 - -80?
7d
In base 6, what is -4 - -3?
-1
In base 9, what is 26 - -45?
72
In base 6, what is 134 - -11?
145
In base 5, what is -120 + -120?
-240
In base 5, what is -10123 + 11?
-10112
In base 5, what is -1224 - 10?
-1234
In base 3, what is -10211 - -11?
-10200
In base 4, what is 33 + -1113?
-1020
In base 15, what is -18c - -3?
-189
In base 4, what is 132 + -2003?
-1211
In base 5, what is -132 - 302?
-434
In base 14, what is 97 + 5?
9c
In base 14, what is -9b - 1?
-9c
In base 10, what is 3 + -1024?
-1021
In base 5, what is 33012 + 4?
33021
In base 3, what is -1 + -210220?
-210221
In base 16, what is 3 + -31?
-2e
In base 9, what is 50 + 24?
74
In base 11, what is -4 + 937?
933
In base 11, what is -637 + -2?
-639
In base 15, what is 6 - 6d?
-67
In base 14, what is 248 - 6?
242
In base 12, what is 2 + -28aa?
-28a8
In base 13, what is 8 - 7a?
-72
In base 3, what is -101212 - 11?
-102000
In base 8, what is -157 - -3?
-154
In base 16, what is f + -9?
6
In base 10, what is -6 - 47?
-53
In base 16, what is -664 + 2?
-662
In base 14, what is -69 + -2?
-6b
In base 9, what is 728 + 0?
728
In base 11, what is -1 - 13?
-14
In base 13, what is -31 - -18a?
159
In base 2, what is -11001101 + -100?
-11010001
In base 12, what is -1082 + -1?
-1083
In base 14, what is d - 14?
-5
In base 12, what is 15 - 2?
13
In base 10, what is 24 - -11?
35
In base 12, what is -9 - -33?
26
In base 3, what is 112 + -1?
111
In base 8, what is -3 + -1111?
-1114
In base 2, what is -110 - -101000111?
101000001
In base 8, what is -1014 - 0?
-1014
In base 13, what is -2 - aa0?
-aa2
In base 7, what is 120231 - 3?
120225
In base 6, what is -1 - 222?
-223
In base 16, what is 9cd + 2?
9cf
In base 9, what is -13 - -1?
-12
In base 10, what is -1534 - -1?
-1533
In base 10, what is -3 - -51?
48
In base 4, what is 230 - 322?
-32
In base 5, what is 1113 + 4?
1122
In base 9, what is 0 + 1265?
1265
In base 10, what is -8 - 2686?
-2694
In base 5, what is -21301 + -13?
-21314
In base 9, what is 733 - -62?
805
In base 5, what is -343 + 2?
-341
In base 5, what is -11 + 43?
32
In base 13, what is -4 + -87?
-8b
In base 11, what is 4 - -199?
1a2
In base 4, what is -30102 - 2?
-30110
In base 15, what is 2 + 86?
88
In base 14, what is 4 - 1a7b?
-1a77
In base 6, what is 3 - -524?
531
In base 14, what is 26 + -5?
21
In base 6, what is 4 - 14?
-10
In base 2, what is -100100011110 - -11?
-100100011011
In base 2, what is 10100 - 11?
10001
In base 8, what is -235 - 11?
-246
In base 6, what is -30022 + 3?
-30015
In base 11, what is 0 - -420?
420
In base 10, what is -27 + -5?
-32
In base 14, what is 27d6 + 5?
27db
In base 13, what is 56a - 8?
562
In base 13, what is -4 + -161?
-165
In base 7, what is 1 + 52?
53
In base 15, what is -157 - -3?
-154
In base 15, what is c0 - 14?
ab
In base 16, what is -a1 + -15?
-b6
In base 14, what is -47 + 0?
-47
In base 13, what is 469 - 0?
469
In base 4, what is 103 - 123?
-20
In base 5, what is -1041 - 0?
-1041
In base 6, what is 1502 - 2?
1500
In base 4, what is -233002 - -3?
-232333
In base 16, what is -299 - -2?
-297
In base 14, what is 0 + -aa?
-aa
In base 9, what is 80 + 21?
111
In base 9, what is -5 - 25?
-31
In base 15, what is 23 + -12?
11
In base 14, what is -2 - -14?
12
In base 16, what is 7 - -e?
15
In base 3, what is 21 - -210111?
210202
In base 15, what is -c24 - 3?
-c27
In base 3, what is 0 + 11122102?
11122102
In base 7, what is 1134 - 1?
1133
In base 7, what is 562 + -5?
554
In base 13, what is -1ba + -b?
-1c8
In base 5, what is 214 - -1?
220
In base 3, what is 110120 - 202?
102211
In base 14, what is 13 - 30?
-1b
In base 15, what is -25 + -3?
-28
In base 3, what is 100010112 - 12?
100010100
In base 15, what is 1 + c?
d
In base 9, what is -365 + 32?
-333
In base 4, what is 12010001 + -3?
12003332
In base 11, what is 61 - 12?
4a
In base 16, what is 53 - 18?
3b
In base 14, what is 80 + -5?
79
In base 9, what is 202 - -4?
206
In base 5, what is -104 + -3?
-112
In base 6, what is -5 + 10?
1
In base 9, what is -16 + -13?
-30
In base 3, what is -201 + -11100?
-12001
In base 2, what is -1001010001 - 1110?
-1001011111
In base 4, what is -200 + -103?
-303
In base 7, what is -264 - 56?
-353
In base 15, what is -51 + -4?
-55
In base 3, what is 11102122 + -102?
11102020
In base 15, what is b7 + 3?
ba
In base 14, what is -a9 - 1?
-aa
In base 11, what is -266 + -3?
-269
In base 15, what is b6 + -1?
b5
In base 10, what is 0 - -7?
7
In base 5, what is 1011 - -4?
1020
In base 8, what is 1 + -4233?
-4232
In base 3, what is -11 - -121111?
121100
In base 12, what is -71b - 5?
-724
In base 16, what is 166 - 6?
160
In base 11, what is -219 + -1?
-21a
In base 8, what is 1 - -1440?
1441
In base 13, what is 3 - 29c?
-299
In base 15, what is 4 - 55?
-51
In base 9, what is 3827 + 6?
3834
In base 8, what is -5 - 47?
-54
In base 16, what is 131 + 2?
133
In base 6, what is 20233 + 4?
20241
In base 3, what is 1122 + -20?
1102
In base 3, what is -1 + 121111?
121110
In base 15, what is -13 + 9?
-9
In base 6, what is -3 + 1?
-2
In base 5, what is -1012 - 10?
-1022
In base 13, what is -c0 + 2?
-bb
In base 6, what is 5 - -155?
204
In base 12, what is 4 - -30?
34
In base 15, what is c63 - 3?
c60
In base 5, what is -12420 + -2?
-12422
In base 8, what is -2 - 144?
-146
In base 16, what is 2 + -34?
-32
In base 15, what is 4 + -613?
-60e
In base 13, what is -4 + -10b0?
-10b4
In base 2, what is 10 + -1000000001?
-111111111
In base 12, what is -6 - -2?
-4
In base 9, what is -15 + 6?
-8
In base 2, what is -11001001 - 0?
-11001001
In base 14, what is -4c - 1?
-4d
In base 5, what is 3 + -10004?
-10001
In base 4, what is -1201 - -102?
-1033
In base 7, what is 1 - -425?
426
In base 12, what is -2 + -115?
-117
In base 13, what is 67b + 9?
687
In base 3, what is 111 - -2?
120
In base 10, what is 24 + 5?
29
In base 10, what is 365 - 3?
362
In base 4, what is -20313 + 11?
-20302
In base 6, what is -1250 + 3?
-1243
In base 8, what is 2 + -214?
-212
In base 3, what is -11 - 101?
-112
In base 14, what is 6 - -1ca?
1d2
In base 5, what is -1 - 1440?
-1441
In base 13, what is a + -3?
7
In base 9, what is -647 - -41?
-606
In base 16, what is -1d22 + 4?
-1d1e
In base 7, what is -162 + 5?
-154
In base 7, what is -22 - -25?
3
In base 3, what is 20111 - 1201?
11210
In base 9, what is 22 + 1021?
1043
In base 5, what is 133 - -112?
300
In base 7, what is -3 - -11415?
11412
In base 3, what is 120102 + -1?
120101
In base 2, what is -10 + -100111110100?
-100111110110
In base 12, what is -4 + -a51?
-a55
In base 10, what is 5 - -12?
17
In base 13, what is 16 - 2b?
-15
In base 12, what is 90b + -4?
907
In base 13, what is 1c45 - 3?
1c42
In base 10, what is -3102 - -4?
-3098
In base 2, what is -1000 + -1101?
-10101
In base 7, what is 52 - -5?
60
In base 9, what is 1571 - -16?
1587
In base 10, what is 1903 + 9?
1912
In base 5, what is 1143 - 1?
1142
In base 6, what is 0 + 1114?
1114
In base 8, what is -15411 - -3?
-15406
In base 2, what is 101001 + 11110?
1000111
In base 8, what is 46 + 130?
176
In base 6, what is 433 - 0?
433
In base 6, what is 3 + 1020?
1023
In base 4, what is -1301 + -20?
-1321
In base 15, what is 2c + -17?
15
In base 9, what is 2 + -40?
-37
In base 14, what is -2 - 140?
-142
In base 4, what is 22213 - 11?
22202
In base 6, what is -2 + 24?
22
In base 4, what is 11 + 11123?
11200
In base 2, what is -111011000011 - 100?
-111011000111
In base 12, what is -2 + 2473?
2471
In base 6, what is -13 + -1041?
-1054
In base 8, what is 4 - -62?
66
In base 13, what is -4 - -401?
3ca
In base 14, what is a - 148?
-13c
In base 3, what is 1 + -10200?
-10122
In base 9, what is 6473 + -3?
6470
In base 11, what is -5 + -41?
-46
In base 5, what is 10 - 143?
-133
In base 5, what is 3 + 1444?
2002
In base 3, what is -20 + -10222?
-11012
In base 12, what is -28 - -b?
-19
In base 9, what is -333 + 18?
-314
In base 15, what is 4 + -5bb?
-5b7
In base 12, what is 2 - 46?
-44
In base 11, what is 5 - 30?
-26
In base 3, what is 11 + -112?
-101
In base 14, what is 12b - -40?
16b
In base 13, what is 40 + 1?
41
In base 5, what is -2 + 324?
322
In base 16, what is 449 + -4?
445
In base 14, what is -7 - -3?
-4
In base 5, what is -3 - -2213?
2210
In base 3, what is 2212 + 0?
2212
In base 6, 